 p?
False
Let p be 9/(-18) - 2/4. Let s be (-3 + 2)/(p/7). Suppose 5*d - s*d + 130 = 0. Is d a multiple of 12?
False
Let i(f) = f**2 - 6*f + 7. Let y be i(5). Let j be 4*2/((-32)/36). Is 5 a factor of (y - j) + (-8)/4?
False
Suppose 3*l - 4*a - 16 = -0*l, 5*l - a - 38 = 0. Let v = -6 + l. Suppose 3*x = 2*i + 204, v*x + 3*x = -i + 327. Is 33 a factor of x?
True
Let i(x) = -72*x + 24. Is i(-5) a multiple of 12?
True
Suppose -2*h + 16 = 4*b, h = 4*h + 3*b - 12. Suppose -2*i + h - 4 = 0. Let m = 2 - i. Is 4 a factor of m?
True
Suppose -6*h + 4*h = 18. Let s be (1 + h/6)*-4. Does 8 divide 1*s - (-8 - 6)?
True
Is 14 a factor of 955 - ((-6 - 5) + 7)?
False
Let n = 1 + -7. Let c be (n/(-4))/((-2)/(-12)). Does 16 divide (-195)/(-4) + c/(-12)?
True
Let s = 47 + -43. Suppose 5*y - 1 = 29. Suppose -2*x + y*x - 12 = 0, -2*t = -s*x - 36. Does 13 divide t?
False
Suppose 48 = 3*d - 2*g + 2, 3*d - g = 47. Suppose d = 5*z + i, -3*i - 17 = -3*z + 7. Does 2 divide z?
True
Suppose 31 + 95 = 3*h. Let l be h/(-14) - (0 + -47). Suppose 4*p + 0*p = l. Does 4 divide p?
False
Suppose 144 = 2*w + 2*q, -78 = -w - 4*q + 5*q. Is 45 a factor of w?
False
Let q(c) = -c**3 + 4*c**2 - 7*c + 5. Let j be q(2). Is 28 a factor of ((-58)/4)/(j/2)?
False
Suppose 0 = -2*x - 2*k - 560, 3*x + 841 = -3*k - k. Let o = x - -190. Let c = 141 + o. Does 13 divide c?
True
Let q(j) = -j**2 - 18*j - 18. Suppose -4*d + 1 = -7. Suppose 4*p - 56 = 3*c, d*c + 5*p = 1 - 0. Does 18 divide q(c)?
True
Let d be (-2 - -7) + 0/(-5). Suppose 4*p = 2*t + 240, -4*p - 4*t + d*t = -240. Is 12 a factor of p?
True
Let u(k) = 18*k**3 - 4*k**2 - 8*k + 10. Is u(2) a multiple of 20?
False
Suppose -4*x - 2*s = -8*x - 10, -s + 5 = -4*x. Suppose 5*c - 2*z = 27, -16*c + 5*z = -11*c - 30. Suppose -c*q + x*q = -280. Is 14 a factor of q?
True
Let u(f) be the second derivative of -f**2 + 5/3*f**3 + 0 - 2*f. Does 10 divide u(3)?
False
Suppose 4*x + i - 1 = -6, -25 = 2*x + 5*i. Suppose 5*r + 0*r - 30 = x. Let s = r + 10. Is 7 a factor of s?
False
Let k be (-2)/8 - 139/4. Let t = k + 205. Suppose 0 = -f - 4*f + t. Does 23 divide f?
False
Let o = -1072 + 1762. Does 10 divide o?
True
Suppose 96*l = 88*l + 7840. Is 98 a factor of l?
True
Let c = -4 - -6. Suppose 1 - 48 = h + w, -c*w - 49 = h. Let d = -21 - h. Is d a multiple of 8?
True
Let s(w) = w**3 - 11*w**2 + 7*w - 11. Let r(f) = -3*f**3 + 34*f**2 - 22*f + 32. Let k(h) = 2*r(h) + 7*s(h). Is k(9) a multiple of 14?
False
Let c(s) = s**3 - 26*s**2 + 28*s + 155. Is c(25) a multiple of 10?
True
Let i(z) = -z**3 + 8*z**2 + 2*z - 14. Let v be i(8). Let y(r) = 18*r**2 + 2*r - 10. Is 11 a factor of y(v)?
True
Let m(k) = -2*k + 4. Let d be m(-7). Suppose d = -5*r - 17. Let w = 6 - r. Is w a multiple of 4?
False
Suppose 4*f = 2*f + 5*g - 44, 5*f - 4*g = -127. Let x = f - -51. Is 4 a factor of x?
True
Let f(q) = 3*q**2 - 4*q - 3. Does 6 divide f(-3)?
True
Suppose 12*l - 7610 = -698. Is l a multiple of 9?
True
Let o be 0 + (3 - -1) - (-3)/3. Suppose -2*x + 4*x = o*y - 18, 3*y + x - 2 = 0. Is 2 a factor of y?
True
Let h(d) = 2 + 0*d - 4*d**3 + 7*d**2 + 10*d - 2*d**2. Let q(i) = -7*i**3 + 10*i**2 + 20*i + 4. Let m(l) = -5*h(l) + 3*q(l). Is m(6) a multiple of 13?
True
Suppose -7*n + 464 = -11*n. Let q = -68 - n. Does 24 divide q?
True
Suppose -5*x + 5 = -5. Suppose 2*m - m - 24 = x*r, 4*m + r - 78 = 0. Suppose -90 + m = -2*y. Does 7 divide y?
True
Suppose 5 = -5*x - 5. Let a be ((-4)/(-5))/(x/(-5)). Suppose a*b + 10 = 3*r, 5*b + 1 + 9 = 5*r. Does 5 divide r?
False
Let n(f) = 7*f**2 + f. Let o be n(-1). Let s(x) = 7*x**2 - 3*x - 1. Let m(g) = 3*g**2 - g. Let d(j) = -9*m(j) + 4*s(j). Does 10 divide d(o)?
False
Let i = 29 - 22. Suppose i*j = 8*j. Suppose -3*z + 71 = -0*z - a, j = 3*a + 15. Does 22 divide z?
True
Let z be (-16)/4*34/(-4). Let n = z - -60. Does 35 divide n?
False
Let y(b) = 2*b - 2. Let g be y(2). Does 8 divide (-8556)/(-156) - g/(-13)?
False
Suppose 12 = -2*y - 4. Let n = 11 + y. Is 12 a factor of n/(-9) + (-73)/(-3)?
True
Suppose -l + 12 = -5*p - 28, -140 = -2*l - 5*p. Does 31 divide l?
False
Let u(p) = -123*p - 543. Is u(-36) a multiple of 28?
False
Let u(n) = -n**3 - 11*n**2 - 9*n + 22. Let z be u(-10). Suppose 906 = -6*l + z*l. Is l a multiple of 20?
False
Suppose -31*x + 11108 = 444. Is x a multiple of 43?
True
Suppose 15*g = 4*o + 70548, -11*o + 9*o + 23526 = 5*g. Is g a multiple of 112?
True
Let i(z) = z**2 - 13*z. Let c be (-260)/(-50)*5/2. Let u be i(c). Suppose 5*y = -u*y + 195. Does 13 divide y?
True
Let h(v) = -v**3 - v**2 + 6*v - 7. Let q be h(-5). Let m = q - 52. Is 2 a factor of m?
False
Let a(n) = -n**2 + 37*n - 55. Does 11 divide a(26)?
True
Suppose 4*i - 6*i + 114 = 0. Let z = i - -27. Is z a multiple of 14?
True
Let c(v) = -69*v + 76. Is 13 a factor of c(-20)?
True
Let z = 11 - 12. Let y be z*(-30)/(-3 + 1). Does 13 divide 40/y*207/(-12)?
False
Does 85 divide (-12)/114 + (-105188)/(-38)?
False
Suppose 2*r = 7*r + 4*g - 414, -3*g = -r + 98. Let d = -66 + r. Does 17 divide d?
False
Suppose 0 = 54*g - 50*g - 7860. Is 131 a factor of g?
True
Let n = 2 - 3. Is 11 a factor of n/((16/44)/(-4))?
True
Let b(p) = p**2 - 10*p + 6. Let t be b(9). Let g be ((-5)/(-5))/(t/339). Let q = 158 + g. Is 25 a factor of q?
False
Suppose 12*z - 17*z = -80. Is 17 a factor of z + (12/(-24))/((-1)/2)?
True
Let c(m) = -m - 1. Let n(l) = l**2 - 14*l + 16. Let x(d) = -c(d) + n(d). Let j be x(12). Suppose -j*v - 5*r + 16 = -29, -2*v = 3*r - 15. Does 5 divide v?
False
Let p be (3 + -3 - -4)*-1. Is 6/18*71 - p/(-6) a multiple of 6?
False
Let b = 1219 - -212. Is 4 a factor of b?
False
Let i = -720 - -1020. Is i a multiple of 25?
True
Let p(g) be the second derivative of -g**3/6 + 6*g**2 - 7*g. Let i be p(10). Suppose i*b = 0, s - b - 18 = -2*b. Is 3 a factor of s?
True
Suppose 4*f - 8*f + 1276 = 0. Suppose -304 = -7*p + f. Does 17 divide p?
False
Suppose -2*i = 5*b - 74, -3*i + 73 = b - 3*b. Let t = 194 + -192. Suppose i + t = u. Does 10 divide u?
False
Suppose 0 = 179*n - 188*n + 1539. Is 7 a factor of n?
False
Suppose 400 = -8*z + 10*z. Is 6 a factor of z?
False
Let i be (-8 - -2)/((-12)/28). Let j = -2 + i. Is 4 a factor of j?
True
Let t(y) = y**3 + 24*y**2 - 62*y - 98. Is 54 a factor of t(-26)?
True
Is 15 - (-6)/(-8 - -6) a multiple of 12?
True
Let b(v) = 68*v**3 - 4*v - 88*v**2 + 91*v**2 + 1 + v. Let m be b(1). Suppose -5*x + 6 + m = 0. Does 9 divide x?
False
Does 44 divide (-1978)/(-9) - 2/(-9)?
True
Let o = -173 - -190. Suppose 50 = v + v. Let w = v + o. Is w a multiple of 21?
True
Let r(n) = -2*n**3 + n**2 - 3*n - 3. Let u be r(-1). Let p be (0 - -1) + (2 - 1). Suppose -p*q + 105 = u*q. Is 21 a factor of q?
True
Let d(s) = -s**3 + 27*s**2 - 23*s - 6. Is d(24) a multiple of 59?
False
Let c(g) = -4*g**3 + 4*g**2 - 2*g - 11. Is 49 a factor of c(-5)?
False
Let p(b) = 61*b**2 - 15*b + 12. Is 43 a factor of p(3)?
True
Suppose 2*y - 24 - 12 = 0. Suppose 0 = y*g - 21*g + 165. Is g a multiple of 7?
False
Let f = -65 - -394. Does 47 divide f?
True
Let b(y) be the first derivative of 7*y**3/3 + y**2 + 3*y - 7. Does 9 divide b(3)?
True
Suppose -2676 + 860 = -4*a. Suppose 5*m - 186 = a. Let x = m + -35. Does 31 divide x?
True
Let o(p) = p**3 - 27*p**2 - 76*p + 48. Does 39 divide o(30)?
True
Let g(t) = 56*t - 52. Is g(3) a multiple of 25?
False
Let z(i) be the second derivative of 37*i**4/6 - i**3/6 - i**2/2 + 13*i. Does 37 divide z(-1)?
True
Let b(y) = 4*y**2 - 14*y. Is b(12) a multiple of 17?
True
Let b(t) be the third derivative of t**5/60 - t**4/12 + 3*t**3/2 + t**2. Let z be 21 + -19 + (-3)/(-1). Is b(z) a multiple of 12?
True
Let v = 15 - 11. Suppose -3*i = -3*o - 18, -3*o - 3 + 13 = v*i. Is 7 a factor of (-4)/2 + 16 - o?
False
Let d(b) = b**2 + 26*b + 381. Is 2 a factor of d(-18)?
False
Suppose 2*p + 3383 = 4*s + 5*p, 0 = -3*s + 3*p + 2553. Does 14 divide s?
False
Let a be 2 + 3*(-3)/(-9). Suppose 0 = -o - 3*h - 17, -1 - a = -4*h. Does 11 divide o/8*5*-2?
False
Suppose 0 = 2*s - 1859 - 595. Suppose 467 = -5*v + s. Does 31 divide v?
False
Let r(g) = -7*g**2 - g + 9. Let h(l) = -7*l**2 - l + 8. Let s(z) = -3*h(z) + 2*r(z). Does 41 divide s(-5)?
True
Suppose i + 5*h - 373 = 0, -3*i + i + 4*h + 760 = 0. Is i a multiple of 27?
True
Let k be 2 + -4 - 0/(-1). Let h be k + (0 - -175)*-1. Let m = 